 the remainder when 62539 is divided by 332.
123
What is the remainder when 11085 is divided by 65?
35
Calculate the remainder when 78652 is divided by 56.
28
What is the remainder when 8714 is divided by 2904?
2
Calculate the remainder when 16928 is divided by 16918.
10
Calculate the remainder when 2595779 is divided by 690.
689
What is the remainder when 72298 is divided by 761?
3
Calculate the remainder when 43739 is divided by 9.
8
Calculate the remainder when 3900 is divided by 440.
380
Calculate the remainder when 3188 is divided by 1335.
518
What is the remainder when 137254 is divided by 137251?
3
What is the remainder when 7158 is divided by 2139?
741
Calculate the remainder when 380773 is divided by 186.
31
Calculate the remainder when 31054 is divided by 31.
23
Calculate the remainder when 865 is divided by 46.
37
Calculate the remainder when 86992 is divided by 435.
427
What is the remainder when 109983 is divided by 738?
21
Calculate the remainder when 237351 is divided by 286.
257
What is the remainder when 99156 is divided by 99143?
13
Calculate the remainder when 978238 is divided by 1019.
1017
Calculate the remainder when 8470 is divided by 1094.
812
What is the remainder when 7205 is divided by 73?
51
What is the remainder when 7760 is divided by 288?
272
Calculate the remainder when 1934 is divided by 1924.
10
What is the remainder when 32371 is divided by 63?
52
What is the remainder when 71598 is divided by 1746?
12
What is the remainder when 134035 is divided by 9?
7
What is the remainder when 1752 is divided by 244?
44
What is the remainder when 470006 is divided by 11463?
23
Calculate the remainder when 111209 is divided by 331.
324
What is the remainder when 62099 is divided by 225?
224
Calculate the remainder when 2354 is divided by 45.
14
Calculate the remainder when 7334 is divided by 9.
8
What is the remainder when 1847 is divided by 181?
37
What is the remainder when 1124756 is divided by 1545?
1541
Calculate the remainder when 76332 is divided by 795.
12
What is the remainder when 90112 is divided by 90084?
28
What is the remainder when 1959214 is divided by 408?
406
What is the remainder when 82622 is divided by 26?
20
What is the remainder when 78611 is divided by 127?
125
What is the remainder when 18112 is divided by 4199?
1316
What is the remainder when 35301 is divided by 71?
14
What is the remainder when 1784 is divided by 576?
56
Calculate the remainder when 5133 is divided by 120.
93
Calculate the remainder when 2034358 is divided by 19.
9
Calculate the remainder when 8280 is divided by 218.
214
What is the remainder when 505697 is divided by 260?
257
What is the remainder when 44877 is divided by 136?
133
Calculate the remainder when 202592 is divided by 28938.
26
What is the remainder when 3836 is divided by 11?
8
Calculate the remainder when 6209 is divided by 523.
456
What is the remainder when 3053 is divided by 317?
200
What is the remainder when 78155 is divided by 1909?
1795
What is the remainder when 915243 is divided by 41?
0
What is the remainder when 183596 is divided by 18?
14
What is the remainder when 4662589 is divided by 10?
9
Calculate the remainder when 322 is divided by 111.
100
Calculate the remainder when 2347 is divided by 33.
4
What is the remainder when 6174 is divided by 689?
662
Calculate the remainder when 86678 is divided by 479.
458
Calculate the remainder when 3587 is divided by 116.
107
What is the remainder when 4386 is divided by 676?
330
Calculate the remainder when 22034 is divided by 613.
579
What is the remainder when 12324 is divided by 12196?
128
What is the remainder when 1970 is divided by 498?
476
Calculate the remainder when 1309 is divided by 367.
208
Calculate the remainder when 506 is divided by 86.
76
Calculate the remainder when 4819 is divided by 125.
69
What is the remainder when 2603 is divided by 196?
55
What is the remainder when 3006 is divided by 544?
286
What is the remainder when 85693 is divided by 418?
3
Calculate the remainder when 10002 is divided by 594.
498
What is the remainder when 61363 is divided by 19?
12
Calculate the remainder when 2137 is divided by 190.
47
What is the remainder when 41344 is divided by 41344?
0
What is the remainder when 102007 is divided by 244?
15
Calculate the remainder when 599706 is divided by 204.
150
Calculate the remainder when 27865 is divided by 129.
1
Calculate the remainder when 21418 is divided by 498.
4
What is the remainder when 494301 is divided by 76?
73
What is the remainder when 14325 is divided by 40?
5
Calculate the remainder when 5592 is divided by 201.
165
Calculate the remainder when 134544 is divided by 237.
165
What is the remainder when 106 is divided by 5?
1
What is the remainder when 31609 is divided by 1?
0
Calculate the remainder when 118451 is divided by 85.
46
Calculate the remainder when 126237 is divided by 6644.
1
What is the remainder when 1657125 is divided by 828560?
5
Calculate the remainder when 66128 is divided by 47.
46
What is the remainder when 14442 is divided by 2062?
8
What is the remainder when 6654 is divided by 189?
39
Calculate the remainder when 205655 is divided by 1044.
1031
What is the remainder when 27855 is divided by 5565?
30
Calculate the remainder when 2579 is divided by 284.
23
What is the remainder when 44618 is divided by 21?
14
What is the remainder when 13999 is divided by 601?
176
What is the remainder when 11076 is divided by 19?
18
Calculate the remainder when 2041 is divided by 238.
137
Calculate the remainder when 992799 is divided by 584.
583
Calculate the remainder when 1146 is divided by 585.
561
Calculate the remainder when 1350 is divided by 168.
6
Calculate the remainder when 1226702 is divided by 39.
35
What is the remainder when 97018 is divided by 406?
390
Calculate the remainder when 593851 is divided by 668.
667
What is the remainder when 253091 is divided by 2280?
11
What is the remainder when 4532 is divided by 71?
59
Calculate the remainder when 3330 is divided by 44.
30
What is the remainder when 1336 is divided by 1308?
28
What is the remainder when 13944 is divided by 190?
74
What is the remainder when 7651 is divided by 11?
6
Calculate the remainder when 4415 is divided by 193.
169
Calculate the remainder when 66081 is divided by 31.
20
What is the remainder when 57974 is divided by 57942?
32
Calculate the remainder when 173608 is divided by 45.
43
What is the remainder when 3147 is divided by 1526?
95
Calculate the remainder when 1483 is divided by 23.
11
What is the remainder when 4835 is divided by 1547?
194
What is the remainder when 127160 is divided by 69?
62
What is the remainder when 12256 is divided by 70?
6
Calculate the remainder when 12850 is divided by 1828.
54
Calculate the remainder when 398732 is divided by 39.
35
Calculate the remainder when 2301 is divided by 101.
79
What is the remainder when 8331 is divided by 6077?
2254
What is the remainder when 7061 is divided by 7034?
27
What is the remainder when 166187 is divided by 66?
65
What is the remainder when 219 is divided by 10?
9
What is the remainder when 50662 is divided by 2?
0
Calculate the remainder when 151621 is divided by 117.
106
Calculate the remainder when 4426 is divided by 1469.
19
Calculate the remainder when 12307 is divided by 12287.
20
What is the remainder when 155494 is divided by 58?
54
Calculate the remainder when 42772 is divided by 60.
52
Calculate the remainder when 8980 is divided by 1278.
34
What is the remainder when 153220 is divided by 36?
4
What is the remainder when 6743 is divided by 99?
11
Calculate the remainder when 321874 is divided by 9.
7
Calculate the remainder when 144952 is divided by 18.
16
What is the remainder when 15317 is divided by 58?
5
Calculate the remainder when 180105 is divided by 217.
212
What is the remainder when 40542 is divided by 85?
82
Calculate the remainder when 2536951 is divided by 254.
253
Calculate the remainder when 11596288 is divided by 15.
13
What is the remainder when 9147 is divided by 224?
187
What is the remainder when 15403 is divided by 32?
11
Calculate the remainder when 206454 is divided by 188.
30
What is the remainder when 21545 is divided by 456?
113
Calculate the remainder w